osite?
True
Is 11546444417 a composite number?
False
Is 433209773 a composite number?
False
Is 59928807427 a prime number?
False
Is 32628938851 a composite number?
False
Is 4784578421 a composite number?
True
Is 436360019 prime?
True
Is 21650583133 a composite number?
True
Is 48957005089 a composite number?
False
Is 900478597 a composite number?
False
Is 5725212047 prime?
True
Is 3320790253 composite?
True
Is 72264747021 prime?
False
Is 54550616731 prime?
False
Is 549143531 composite?
False
Is 796634617 a prime number?
False
Is 24896810503 composite?
True
Is 28857941741 composite?
True
Is 726698737 a prime number?
False
Is 3125324503 a prime number?
False
Is 1029042571 prime?
True
Is 7727235679 a prime number?
True
Is 8218913 prime?
True
Is 282234019 prime?
True
Is 27948191686 a prime number?
False
Is 38858305097 a prime number?
True
Is 190651222913 prime?
True
Is 348338779 prime?
True
Is 28151128661 a composite number?
True
Is 22396099049 a composite number?
False
Is 2640512351 a composite number?
True
Is 1359731635 composite?
True
Is 1693283671 a composite number?
False
Is 290938729 a composite number?
False
Is 1240323793 a composite number?
True
Is 1915595797 a prime number?
False
Is 268221763 a composite number?
True
Is 603277463 a prime number?
True
Is 27082865347 composite?
True
Is 21581174753 a composite number?
False
Is 3806952505 prime?
False
Is 779707399 prime?
True
Is 8116273571 prime?
False
Is 1800572299 a prime number?
True
Is 268316329 a composite number?
True
Is 266602613 a composite number?
False
Is 5218989109 a prime number?
True
Is 2779458257 a composite number?
True
Is 34552649 a composite number?
False
Is 4458242749 prime?
False
Is 38157806461 a prime number?
False
Is 13259108237 composite?
False
Is 139135948115 a composite number?
True
Is 9585365291 composite?
True
Is 7745396509 a composite number?
False
Is 573322297 prime?
False
Is 7468171897 a prime number?
False
Is 33595688067 composite?
True
Is 20236031801 composite?
False
Is 1459210609 prime?
False
Is 1278164513 a composite number?
False
Is 391074923 prime?
False
Is 6892900078 composite?
True
Is 37209820849 composite?
False
Is 1084093363 a prime number?
True
Is 137816509 prime?
False
Is 18507227413 a prime number?
False
Is 12986451019 composite?
False
Is 2594493313 prime?
False
Is 520599571 composite?
False
Is 11595255509 a composite number?
False
Is 177352730729 composite?
False
Is 15540148417 a composite number?
True
Is 384804241 a prime number?
False
Is 1111522823 composite?
False
Is 9528394769 composite?
False
Is 1886887901 a composite number?
True
Is 2418591709 prime?
True
Is 7897259911 a prime number?
True
Is 9863225522 prime?
False
Is 11362104827 a composite number?
False
Is 57956639522 a prime number?
False
Is 425708317 prime?
True
Is 295256569 a composite number?
True
Is 2002215377 composite?
False
Is 2573828249 a composite number?
True
Is 4977781703 prime?
False
Is 2529217813 prime?
False
Is 3939578887 a prime number?
True
Is 20107078094 a prime number?
False
Is 5500293907 composite?
True
Is 3243762443 a composite number?
True
Is 92988899 prime?
True
Is 1735281043 prime?
False
Is 26925279067 prime?
True
Is 482363047 a composite number?
False
Is 22311095141 composite?
True
Is 289422373 a prime number?
True
Is 1307539367 prime?
True
Is 355041451 prime?
True
Is 149142971 prime?
False
Is 10200354893 composite?
True
Is 51239278777 a prime number?
False
Is 67800899279 composite?
True
Is 494406821 composite?
True
Is 63607669 a prime number?
True
Is 60789899971 a composite number?
False
Is 291556997 composite?
True
Is 2786673559 composite?
False
Is 369325547 a prime number?
False
Is 2743493671 a composite number?
False
Is 830096549 a prime number?
False
Is 1852404789 a composite number?
True
Is 64102999 prime?
True
Is 782394023 prime?
False
Is 7642903 composite?
True
Is 2144729341 a composite number?
True
Is 119281345009 a composite number?
False
Is 189874259 composite?
False
Is 2918557903 a composite number?
False
Is 512001701 a composite number?
False
Is 130160342947 a prime number?
True
Is 1920042686741 a prime number?
True
Is 48413660707 a prime number?
True
Is 688561813 composite?
False
Is 16572449459 a prime number?
True
Is 7529439317 a composite number?
False
Is 7782940811 a composite number?
False
Is 9935846083 prime?
True
Is 174853756297 a composite number?
True
Is 72821358397 composite?
False
Is 22316842187 prime?
True
Is 31261701059 composite?
True
Is 124835863073 a prime number?
True
Is 1539154523 composite?
False
Is 5513911769 a composite number?
False
Is 6075517629 composite?
True
Is 2262785507 prime?
True
Is 63191878913 a composite number?
True
Is 19975746169 a prime number?
False
Is 1075372483 a composite number?
False
Is 12886088431 composite?
True
Is 6263780443 a composite number?
False
Is 5008672147 composite?
True
Is 549587 prime?
True
Is 6906505847 a prime number?
True
Is 13154795083 composite?
True
Is 270156864617 composite?
True
Is 109199681 prime?
True
Is 1038122593 a prime number?
True
Is 2182422431 composite?
True
Is 761014811 a prime number?
True
Is 1662041089 a composite number?
False
Is 5757908623 prime?
True
Is 10703425093 prime?
True
Is 137094421 composite?
True
Is 4292496839 prime?
False
Is 1548728569 a composite number?
False
Is 1686787 a prime number?
False
Is 3179478353 prime?
False
Is 2658511771 composite?
True
Is 37498960423 a prime number?
True
Is 11917198163 prime?
False
Is 23921329381 a prime number?
True
Is 3377049329 composite?
False
Is 802381529 composite?
False
Is 861257249 prime?
True
Is 30000920009 a prime number?
False
Is 4663676443 a composite number?
True
Is 8741871317 prime?
False
Is 8474002763 prime?
False
Is 7856658881 composite?
False
Is 2110815599 prime?
True
Is 16039458937 prime?
True
Is 2559921869 a composite number?
False
Is 13451792153 a prime number?
True
Is 415193863 a composite number?
True
Is 133905132463 a prime number?
False
Is 134059336611 a prime number?
False
Is 2758003555 prime?
False
Is 12724434355 a prime number?
False
Is 58788756449 a composite number?
False
Is 401577857 prime?
True
Is 1024562031 a composite number?
True
Is 3867724453 a prime number?
False
Is 54625877227 a prime number?
False
Is 217387241 a composite number?
False
Is 45494544149 composite?
True
Is 42836087669 composite?
True
Is 581604583 a composite number?
True
Is 5086330189 a prime number?
False
Is 2106858041 prime?
True
Is 4089207271 a composite number?
False
Is 6515107933 a composite number?
False
Is 742374323 composite?
False
Is 5907282709 prime?
False
Is 3693749297 a composite number?
True
Is 38408768743 a prime number?
False
Is 172887098333 prime?
False
Is 594128809 prime?
True
Is 345888509 prime?
False
Is 371211077 composite?
False
Is 3497713801 a prime number?
True
Is 1412619107 a prime number?
True
Is 73448174533 a prime number?
True
Is 1933531331 prime?
False
Is 59887808587 prime?
True
Is 5291143129 composite?
False
Is 22369740383 a prime number?
False
Is 1441954649 composite?
True
Is 4271060063 composite?
True
Is 5255288947 composite?
False
Is 5653694881 a composite number?
False
Is 110747759905 prime?
False
Is 2917338659 prime?
True
Is 2520363311 a prime number?
False
Is 515359373 prime?
True
Is 3788619161 a prime number?
True
Is 18457751 a composite number?
True
Is 307427059 prime?
False
Is 649181747 prime?
True
Is 822651143 a prime number?
False
Is 464599859 a prime number?
False
Is 7253284663 a composite number?
True
Is 2770420753 a prime number?
True
Is 256191337 prime?
True
Is 12639867711 a composite number?
True
Is 191833619 composite?
True
Is 19932310759 composite?
True
Is 130673707 prime?
True
Is 25837061401 a prime number?
False
Is 2045016599 prime?
True
Is 8428005451 composite?
False
Is 2993093381 a composite number?
True
Is 60696751 a prime number?
False
Is 17774757109 a prime number?
False
Is 37531305965 a composite number?
True
Is 710793277 a composite number?
True
Is 371479487 a prime number?
True
Is 33174853883 composite?
False
Is 15449231 prime?
False
Is 3211880059 a composite number?
False
Is 8370003067 a composite number?
False
Is 62545493447 composite?
False
Is 2554160033 a prime number?
True
Is 154401974417 composite?
False
Is 2471683757 a prime number?
True
Is 2923366931 a prime number?
True